 q be z(0). Let r(j) = -q*j + j**2 + 2 - 7*j + 16*j - 24*j**3. Is r(-1) a composite number?
True
Let b = 62 - 54. Let i = 3 - b. Is ((-493)/4)/(i/(16 - -4)) prime?
False
Suppose -2*u - 5 = j, -233*j - 13 = -231*j + 5*u. Let f(w) = w**3 - 4*w - 3. Let d be f(-2). Is (-410)/4*(d + j) composite?
True
Let y(q) = -2*q - 32. Let f be y(-21). Suppose 0 = -r - f + 15. Suppose -r*x = 2*d - d - 316, 3*d - 990 = -x. Is d composite?
False
Let k(u) = u**3 - 6*u**2 + 3*u + 15. Let q be k(7). Let g = q + 89. Let a = g - 92. Is a a composite number?
True
Let v = 340638 + 1198957. Is v a composite number?
True
Is ((-1575514)/(-30) - ((-1197)/135 - -9))*1 a composite number?
False
Is 55573 + 0 + (2 - -16) a prime number?
False
Let y be 1131/(-15) - (-2)/5. Let a = -385 - -1455. Let x = a + y. Is x prime?
False
Let z(s) be the second derivative of 3*s**4/4 + s**3/2 + 133*s**2/2 - 2*s - 60. Is z(12) a prime number?
False
Let g = -55 + 53. Is (3 + g)*(-356)/(-1 + -1) composite?
True
Let x(n) = -n**3 - 36*n**2 - 3*n - 109. Let q be x(-36). Is (3 + q)*240560/160 a prime number?
False
Suppose -196*a + 5515550 = 5*a - 51799801. Is a composite?
False
Let d = 1342327 - 73658. Is d a composite number?
False
Let t = 15399 - -15747. Suppose -t - 5853 = -9*q. Is q a prime number?
True
Let g(p) = 851*p**2 - 192*p + 932. Is g(5) composite?
False
Let p be 6/21 + (-132)/(-28). Suppose -5*r + t + 530 = 0, 0*r - 560 = -5*r - p*t. Let b = r + -24. Is b prime?
True
Suppose 24 = 7*n - 25. Let r(w) be the second derivative of w**4 - 3*w**3/2 - 2*w**2 - 3*w. Is r(n) prime?
True
Let p(d) = 67*d**2 - 3*d + 27. Let n be p(4). Let q = 1922 - n. Is q a prime number?
False
Let y(i) = 70 + 5 + 32 - 7*i. Let l = -606 - -574. Is y(l) a prime number?
True
Let r = 29 + 36. Suppose 0 = r*b - 60*b - 2310. Let m = b - 116. Is m a prime number?
False
Let c(r) = r**3 - 3*r**2 + 3*r. Let s(o) = -6*o - 28. Let g be s(-5). Let j be c(g). Let v(x) = 211*x - 7. Is v(j) composite?
True
Let i(q) = 16*q**2 + 8*q - 2. Let y be i(-8). Let z be (y - (1 - 4)) + 2. Suppose 3*h = z + 210. Is h prime?
False
Suppose 4*d = 3*u + 18, -3*u + 0*d = -2*d + 12. Let h be ((-408)/18)/(u/108). Suppose 0 = 4*a - 1424 - h. Is a a prime number?
False
Let p be 3/2 + 12/24. Is 49*84 - p - (-18)/6 prime?
False
Let y(s) = -26629*s + 23. Let q be y(-3). Suppose q + 108338 = 8*x. Is x composite?
False
Let z = -2804 - -2793. Let c(v) be the third derivative of -113*v**4/24 - 7*v**3/3 - 2*v**2. Is c(z) a prime number?
True
Suppose -10*p - 996 = -14*p. Let u = p - -1666. Is u prime?
False
Let b = 67355 - -26168. Is b prime?
True
Let x be 36/63 - 6145/35. Is -3*(98530/(-42) - 50/x) composite?
True
Let j(w) = 2*w**3 - 4*w**2 - 5*w - 3. Let d(q) = -q**3 + q**2 + 2*q + 1. Let o(s) = -7*d(s) - 2*j(s). Let k be -5*(1 - 27/15). Is o(k) composite?
False
Is (2465/(-153) - -16)*-5625297 prime?
True
Let f(d) = 469*d**3 - d**2 + 5*d - 6. Let g be f(2). Let c = -2215 + g. Is c a composite number?
True
Suppose -4*n + 159428 = -3*l, -3*n + 119571 = -42*l + 38*l. Is n prime?
True
Let n = -32 + 35. Suppose n*u - 5*k + 24 = 0, 0*u - 21 = 5*u - 2*k. Is 6711/1*(-1)/u a prime number?
True
Let m(u) = -10*u + 9. Let q be m(2). Let d(l) = l**3 + 16*l**2 - 4*l - 21. Let y be d(q). Suppose k - 4*h = -7*h + y, 4*k - 3*h = 2527. Is k composite?
False
Let y = -22 - -31. Suppose 4*p - 2*s - 57 = y, 3*p - 30 = -5*s. Let j = p - -38. Is j prime?
True
Suppose -2*m - 8 = 0, -7 = 2*c + c + 4*m. Suppose 5*f - 20580 = f + 4*r, -15419 = -c*f - r. Is f a composite number?
True
Let s(m) = 32*m**3 + 3*m**2 - 4*m. Let i be s(2). Suppose -4*u = u + i. Let b = u + 149. Is b a prime number?
True
Let n = -477 - -471. Is 3*2 - (-29029)/(1 - n) prime?
True
Let u(m) = 128*m + 157. Let d be u(31). Let x = -2026 + d. Is x prime?
True
Let k = 1875037 + -1272668. Is k prime?
False
Let q(f) = -51*f + 142. Let h be q(30). Let l = h - -2715. Is l composite?
False
Let a = 55 - 62. Is -3595*7*a/35 prime?
False
Is 17874 + ((-127)/(-18) - 51/918) prime?
True
Let y be (-2 + (-10)/(-25))*20. Is y + 34 + (405/1)/1 a composite number?
True
Suppose v + 27079 - 232058 = -2*f, -v = -2*f - 204975. Is v a prime number?
False
Suppose 3*o + 2541 = -4*i, 4*o - 4*i - 611 = -4027. Let u = o + 3888. Is u a prime number?
True
Let b be 8/6*6*(38 - -1). Let w be b/(-5)*1*50/(-4). Suppose 0 = c - w - 73. Is c a prime number?
True
Let n(b) = 1536*b - 110. Let i be n(11). Let q = 23837 - i. Is q composite?
True
Let b = 2603 - 1097. Is b/(-251) - 5957*-1*1 prime?
False
Let n be 23/(-2*1/4). Let o = 50 + n. Is -3 - (-592 - (o + -6)) composite?
False
Suppose -63*h - 1060191 + 4107070 = -649898. Is h composite?
False
Is 36911/28 - 2/(16/(-6)) composite?
False
Let k(s) = 374*s + 1. Let b = 66 - 68. Let r(w) = -4*w - 2. Let g be r(b). Is k(g) prime?
False
Is (-689978)/(-6) + 282/(-470)*(-20)/18 composite?
False
Suppose -86*m = -80*m - 78252. Is m a prime number?
False
Let v(l) = l**3 - 7*l**2 - 7*l - 3. Let r be v(8). Suppose -r*q + 272 = 3*q. Suppose -4*u + 114 + q = 4*g, 3*g + u - 115 = 0. Is g composite?
True
Let q(w) = -7*w - 82. Let t be q(-12). Suppose 6 = n + 2. Suppose t*z - n*z - 420 = -3*k, 4*z + 556 = 4*k. Is k a prime number?
False
Let d(r) = 1227*r**2 - 50*r - 30. Let t be d(-14). Suppose -4*l + 175012 = 2*k, -5*l + t = -3*k + 22397. Is l a composite number?
False
Let q be 22/(-10)*25/(-5). Suppose -3*f + 1 = m + q, 2*f + 30 = 4*m. Is 1/(((-10)/514)/f) a composite number?
False
Let c = -1503 + 1511. Let t(i) be the second derivative of 7*i**4/12 + i**3/2 - 9*i**2/2 + 2*i. Is t(c) a composite number?
False
Suppose h + 5 = -4*a + 18, 0 = -h - a + 13. Is (h*2933 + 3)*(-8)/(-32) a composite number?
False
Let u(v) = 4*v**2 + 13*v - 49. Suppose -60*x + 28 = -62*x. Is u(x) prime?
False
Let d be -406 - 10*(-6)/12. Is (-3 + 1)/2*d composite?
False
Let x be -1*(-2)/(-4)*-10. Suppose 2*w + 3*w + 4*p = x, -1 = -w - 2*p. Is 313 - w/(-3 - 4/(-2)) prime?
False
Is (-571343)/(-5) - (-148)/370 a prime number?
True
Let k(t) = -131*t - 131*t + 6*t**2 - 143*t + 27 + 419*t. Is k(-7) prime?
True
Let k be 16/3 - (-1)/(-3). Suppose 0 = -2*p + 4*v + 1896, k*p = 7*v - 11*v + 4810. Is p a composite number?
True
Let p(x) = x**3 + 19*x**2 - 43*x - 32. Let n be p(-21). Let w(t) = -17*t - 25. Let m(y) = 17*y + 26. Let k(f) = -3*m(f) - 2*w(f). Is k(n) a composite number?
True
Let l be 14*((-48)/28 + 2 + 0). Suppose -5*w = 2*k - 5185, 5*w - 4*w = l*k - 10425. Is k a prime number?
False
Suppose -2*t + 2*g - 29268 = 0, 0 = -2*t - 3*g + g - 29288. Let f = t + 22605. Let k = f + -5245. Is k a prime number?
False
Let r be -2518*((-1)/7)/((-2)/7). Let k = r - -5766. Is k a composite number?
False
Let x(r) = -r + 0 - 53*r**2 - 1 + 397*r**2. Let d be x(-2). Let w = -700 + d. Is w a composite number?
False
Let h(t) = -1269*t + 138. Is h(-5) a composite number?
True
Let i be (-2)/(-1*(-1 - 810/(-807))). Suppose 2*w + i = 2100. Is w a composite number?
True
Let w be (-5 - -2) + (-2 + 0 - -4). Is w/((-24)/33420*10/12) composite?
True
Is (-1295908)/(-20) - (-204)/238*14/(-30) composite?
True
Is ((-4)/(-10) + (-84 - -84))/(1/40835) composite?
True
Suppose 5*u = -4*j + 259649, -28*u - 5*j = -32*u + 207711. Is u prime?
True
Let g = 31273 + -19938. Suppose -4534 = -2*d - i, -g = -5*d - 10*i + 8*i. Is d prime?
True
Let p = -23515 + 51126. Is p composite?
False
Let d(v) = v**3 + 8*v**2 + 10*v - 9. Suppose 4*a = -5 - 19. Let b be d(a). Is b + -2 - 3340/(-10) a prime number?
False
Suppose 4*h + 2*f = 30, 5*h + f - 2*f = 20. Suppose -858 = -h*v + 2932. Suppose -6*m = -4*m - v. Is m composite?
False
Is (-70053728)/(-72) - 15 - (-2)/45*-10 prime?
False
Is (-5)/15 - ((-286483)/(-3))/(3/(-12)) composite?
False
Suppose -802922 = -27*u + 215275. Is u a composite number?
True
Is (2236126/(-6))/((1672/6)/22 + -13) prime?
True
Let h(s) = -3*s**3 + 2*s**2 - 8*s + 5. Let l be h(1). Is -1*(-1)/l + (-10973)/(-4) a prime number?
False
Let g = 803 - 2179. Let a = 566 - g. Is a a composite number?
True
Suppose 105*l - 106*l - 5*w = -45288, -3*l = 2*w - 135851. Is l a composite number?
True
Let i(g) = 77*g - 6. Suppose l + 38 = 4*w - l, 0 = -5*w + 5*l + 45. Suppose -h + 55 = w*h. Is i(h) composite?
False
Suppose 52*p - 47*p = 25. Let f(z) = 37 + 67*z - 28 - p*z. Is f(7) prime